93, 569
List the prime factors of 5314878.
2, 3, 295271
What are the prime factors of 6538220?
2, 5, 13, 25147
What are the prime factors of 13705843?
509, 26927
What are the prime factors of 17003?
7, 347
List the prime factors of 44256.
2, 3, 461
What are the prime factors of 658744?
2, 67, 1229
List the prime factors of 235989.
3, 13, 2017
List the prime factors of 5546079.
3, 7, 11, 53, 151
List the prime factors of 22894638.
2, 3, 13, 37, 7933
List the prime factors of 2059769.
2059769
List the prime factors of 10772179.
11, 643, 1523
What are the prime factors of 1517941?
1517941
What are the prime factors of 129879?
3, 14431
What are the prime factors of 1122247?
7, 37, 619
What are the prime factors of 980005?
5, 13, 15077
What are the prime factors of 1065500?
2, 5, 2131
What are the prime factors of 1195954?
2, 23, 25999
What are the prime factors of 32594131?
32594131
What are the prime factors of 2133024?
2, 3, 17, 1307
List the prime factors of 206537.
241, 857
List the prime factors of 9419109.
3, 7, 313, 1433
What are the prime factors of 579818?
2, 67, 4327
What are the prime factors of 231147?
3, 7, 1223
List the prime factors of 2948535.
3, 5, 21841
List the prime factors of 188779.
188779
List the prime factors of 373251.
3, 83, 1499
What are the prime factors of 1638390?
2, 3, 5, 13, 4201
List the prime factors of 1341703.
11, 283, 431
What are the prime factors of 107726?
2, 61, 883
What are the prime factors of 1742530?
2, 5, 271, 643
List the prime factors of 170823.
3, 56941
What are the prime factors of 10123177?
17, 595481
List the prime factors of 12960161.
107, 121123
List the prime factors of 7986947.
7986947
List the prime factors of 13536717.
3, 743, 6073
List the prime factors of 635384.
2, 79423
List the prime factors of 535357.
149, 3593
What are the prime factors of 92201?
137, 673
What are the prime factors of 346616?
2, 37, 1171
List the prime factors of 7432822.
2, 797, 4663
List the prime factors of 609455.
5, 7, 11, 1583
What are the prime factors of 13808397?
3, 4602799
What are the prime factors of 352281?
3, 117427
What are the prime factors of 264449?
67, 3947
List the prime factors of 110329.
31, 3559
What are the prime factors of 246828?
2, 3, 67, 307
What are the prime factors of 575374?
2, 47, 6121
List the prime factors of 4098612.
2, 3, 7, 59, 827
What are the prime factors of 809387?
17, 47, 1013
List the prime factors of 18874708.
2, 29, 162713
List the prime factors of 71080.
2, 5, 1777
List the prime factors of 122575.
5, 4903
What are the prime factors of 1872665?
5, 353, 1061
What are the prime factors of 387188?
2, 96797
List the prime factors of 731949.
3, 269, 907
What are the prime factors of 714608?
2, 59, 757
What are the prime factors of 23413?
13, 1801
What are the prime factors of 46200?
2, 3, 5, 7, 11
List the prime factors of 661554.
2, 3, 12251
List the prime factors of 34350057.
3, 7, 545239
List the prime factors of 320545.
5, 64109
List the prime factors of 19605596.
2, 83, 59053
What are the prime factors of 297092?
2, 17, 257
List the prime factors of 1230825.
3, 5, 16411
What are the prime factors of 54781?
29, 1889
List the prime factors of 5588335.
5, 211, 5297
List the prime factors of 1138133.
17, 66949
List the prime factors of 190242.
2, 3, 13, 271
List the prime factors of 397773.
3, 193, 229
List the prime factors of 53423.
41, 1303
List the prime factors of 7373139.
3, 83, 29611
What are the prime factors of 2939149?
2939149
List the prime factors of 12192891.
3, 563, 7219
What are the prime factors of 5449775?
5, 17, 12823
What are the prime factors of 5204234?
2, 7, 251, 1481
What are the prime factors of 242264?
2, 11, 2753
What are the prime factors of 12840973?
3089, 4157
List the prime factors of 7914421.
7914421
What are the prime factors of 812770?
2, 5, 7, 17, 683
List the prime factors of 122420.
2, 5, 6121
What are the prime factors of 266402?
2, 133201
What are the prime factors of 268536?
2, 3, 67, 167
What are the prime factors of 347953?
349, 997
List the prime factors of 10565871.
3, 61, 57737
List the prime factors of 1699654.
2, 11, 23, 3359
What are the prime factors of 19859891?
19859891
List the prime factors of 3326192.
2, 449, 463
List the prime factors of 3324977.
41, 81097
What are the prime factors of 2939538?
2, 3, 7, 17, 23, 179
What are the prime factors of 268163?
7, 29, 1321
What are the prime factors of 195438?
2, 3, 32573
What are the prime factors of 380225?
5, 67, 227
What are the prime factors of 2121097?
11, 151, 1277
List the prime factors of 118094.
2, 137, 431
List the prime factors of 814476.
2, 3, 13, 23, 227
What are the prime factors of 84264?
2, 3, 3511
List the prime factors of 7117497.
3, 263611
What are the prime factors of 4036616?
2, 17, 67, 443
What are the prime factors of 169117?
13, 13009
List the prime factors of 16371.
3, 17, 107
List the prime factors of 9542022.
2, 3, 7, 227191
List the prime factors of 1243121.
11, 113011
List the prime factors of 13617617.
13, 29, 41, 881
List the prime factors of 1298293.
37, 35089
List the prime factors of 2624402.
2, 11, 119291
List the prime factors of 15113506.
2, 659, 11467
List the prime factors of 75348.
2, 3, 7, 13, 23
List the prime factors of 104871.
3, 13, 2689
What are the prime factors of 15842255?
5, 11, 13, 22157
What are the prime factors of 391813?
467, 839
What are the prime factors of 7110710?
2, 5, 67, 10613
What are the prime factors of 641206?
2, 17, 18859
List the prime factors of 1168172.
2, 17, 41, 419
List the prime factors of 4331246.
2, 541, 4003
List the prime factors of 94164.
2, 3, 7, 19, 59
What are the prime factors of 11451570?
2, 3, 5, 13, 29363
What are the prime factors of 1705904?
2, 106619
List the prime factors of 13996602.
2, 3, 777589
What are the prime factors of 2551411?
17, 150083
List the prime factors of 15883017.
3, 5294339
List the prime factors of 2928995.
5, 585799
What are the prime factors of 383859?
3, 7, 677
List the prime factors of 2169709.
61, 35569
What are the prime factors of 195765?
3, 5, 31, 421
List the prime factors of 1266039.
3, 41, 47, 73
List the prime factors of 5057465.
5, 7, 229, 631
What are the prime factors of 120154?
2, 60077
What are the prime factors of 28674?
2, 3, 59
List the prime factors of 4387145.
5, 7, 163, 769
What are the prime factors of 626244?
2, 3, 23, 2269
What are the prime factors of 1282982?
2, 641491
What are the prime factors of 1728557?
43, 61, 659
What are the prime factors of 248997?
3, 7, 71, 167
List the prime factors of 9869985.
3, 5, 113, 647
List the prime factors of 533559.
3, 13, 13681
What are the prime factors of 58968?
2, 3, 7, 13
What are the prime factors of 1488983?
59, 25237
What are the prime factors of 7969820?
2, 5, 398491
What are the prime factors of 73099?
13, 5623
What are the prime factors of 5109626?
2, 29, 37, 2381
List the prime factors of 154300.
2, 5, 1543
What are the prime factors of 1079139?
3, 359713
List the prime factors of 325904.
2, 20369
What are the prime factors of 3327326?
2, 523, 3181
List the prime factors of 705711.
3, 67, 3511
What are the prime factors of 268021?
13, 53, 389
List the prime factors of 9871525.
5, 394861
List the prime factors of 731540.
2, 5, 79, 463
What are the prime factors of 36753077?
163, 225479
List the prime factors of 95991.
3, 7, 653
What are the prime factors of 127750?
2, 5, 7, 73
List the prime factors of 27268992.
2, 3, 23671
What are the prime factors of 318411?
3, 3931
List the prime factors of 5290276.
2, 23, 57503
What are the prime factors of 9132289?
103, 88663
List the prime factors of 12807061.
31, 127, 3253
List the prime factors of 129219.
3, 19, 2267
List the prime factors of 1020449.
41, 24889
List the prime factors of 2668906.
2, 1334453
List the prime factors of 10474940.
2, 5, 7, 74821
What are the prime factors of 30544?
2, 23, 83
What are the prime factors of 907408?
2, 56713
List the prime factors of 454569.
3, 151523
List the prime factors of 248780.
2, 5, 7, 1777
What are the prime factors of 213802?
2, 53, 2017
List the prime factors of 19681073.
53, 371341
What are the prime factors of 98095?
5, 23, 853
What are the prime factors of 12620864?
2, 19, 97, 107
List the prime